ose 3*s + 975 = 957, 0 = 3*p + 5*s - 14904. What are the prime factors of p?
2, 19, 131
Suppose -58*d = -62*d + 1180. Suppose 2*s - d = 553. List the prime factors of s.
2, 53
Let q(o) = 3*o**3 + 3*o**2 - 5*o - 2. Let p be q(-3). Let y = 43 + p. Suppose -145 = -2*b - 5*h - 16, -3*b + 222 = -y*h. What are the prime factors of b?
2, 3
Suppose 73*r + 77636 = 99*r. What are the prime factors of r?
2, 1493
Let o be 11910*-4*8/32. What are the prime factors of (-70)/(-21)*o/(-50)?
2, 397
Suppose 15*c = 8*c - 1106. Let y = -107 - c. What are the prime factors of y?
3, 17
Let q be (-639 + (1 - 2))/((-4)/(-302)). What are the prime factors of (0 + -1)/(q/(-5370) + -9)?
3, 179
Suppose 3*o = -5*d - 27, -5 = -5*o + 4*d - 13. List the prime factors of 1673 + (o - (2 - 14)).
41
Suppose 2*g = 11 + 9. Let m be g/20*(-2 - -2). Suppose 2*a + 8 = m, b - 5*a - 128 = 81. List the prime factors of b.
3, 7
Suppose 2*z = 3*z - 6. Suppose -3*l = -30 + z. What are the prime factors of 4/l + 26/4?
7
Suppose 5*b - 475 + 455 = 0. Suppose 4*a - 10 = -a. Suppose b*g = y + 19 - 1, 10 = a*g. What are the prime factors of y?
2
Let o(r) = 2563*r - 21. What are the prime factors of o(5)?
2, 6397
Let y(k) = -4*k**2 + 21*k + 24. Let f be y(6). Let c(h) = 21*h**2 + 8*h - 17. What are the prime factors of c(f)?
787
Suppose -2*j - 12 = 0, 1273*v + 2*j = 1271*v + 15088. List the prime factors of v.
2, 5, 151
Let a be -39*(-6)/(-27)*(-4 + 1). Let x(s) = s**3 - 24*s**2 - 48*s - 8. What are the prime factors of x(a)?
2, 3
Suppose -2*j + 67895 = 3*w, 3*j - 2*w - 106448 + 4625 = 0. List the prime factors of j.
7, 13, 373
Suppose -l = -0*l + 1. Let q be 85/(-10) + 5 + l/2. List the prime factors of (-23)/(-10*1/q)*-5.
2, 23
Let q be (-4)/(((-6)/74)/((-6)/4)). List the prime factors of (-111)/q*(-3236)/(-6).
809
Let w(d) = d**3 + 3*d**2 - 4*d - 2. Suppose 0 = -3*o + 3*n - 9, n + n - 9 = 3*o. Let u be w(o). Suppose -1002 + 302 = -u*m. List the prime factors of m.
2, 5, 7
Let b(q) = 91*q - 6108. What are the prime factors of b(149)?
7451
Let n(y) = -302*y - 48. Let k be 1 - 390/(-52)*4/(-6). What are the prime factors of n(k)?
2, 5, 29
Let b be ((-3)/6)/((-2)/(-368)). Let v be ((-99)/22)/((-1)/(-2)). Let a = v - b. List the prime factors of a.
83
Suppose 2*p + 3*p - 25 = 0. Suppose 5*w + 15 = -p*c, -2*c - 1 + 2 = -5*w. List the prime factors of (-31)/(-2)*(2 - (-2 - c)).
31
Suppose 2*m - 4812 = -2*b, 0 = 2*b + 7*m - 3*m - 4818. List the prime factors of b.
3, 89
Let g be (222/18 - 1)/((-2)/(-48)). Let q = g + -23. Suppose -s - 3*f = 2*s - q, -3*s = -3*f - 231. What are the prime factors of s?
2, 5
Let p = -226 + 231. What are the prime factors of ((-30)/135 - 25/9) + p?
2
Suppose -5*m - 5*o + 4*o = -47, o + 3 = 0. List the prime factors of (-48)/m*(18 + -118).
2, 3, 5
Suppose -9*b = -10*b + 38. Suppose 13*c - 1 - b = 0. Suppose c*m + 438 = 1323. What are the prime factors of m?
5, 59
Suppose -5*m + 562 - 2146 = 4*s, 4*m - 1188 = 3*s. Let d = s - -864. What are the prime factors of d?
2, 3, 13
Let l = -27647 - -35694. What are the prime factors of l?
13, 619
Let z(l) = 3*l**2 + 25*l + 11. Let d be z(-8). Suppose d*c = -3*c + 144. Suppose -q + 66 - c = 0. List the prime factors of q.
2, 3, 7
What are the prime factors of (-12 - 420/(-36))*-26889?
8963
Suppose 105060 = 129*f - 43032. What are the prime factors of f?
2, 7, 41
What are the prime factors of (-603066)/(-96) + (-24)/(-384)?
2, 3, 349
Suppose -43513056 = -635*x + 6469064. What are the prime factors of x?
2, 9839
Let t(p) = -25*p**3 - 14*p**2 + 33*p + 21. List the prime factors of t(-8).
3, 13, 23
Let w be -8 + 3 - 5/5. Let i(d) = -4*d**2 - 7*d + 9. Let l be i(w). Let u = -28 - l. List the prime factors of u.
5, 13
Let y(w) = -8*w - 41. Let h(f) = 3*f + 14. Let x(b) = -11*h(b) - 4*y(b). Let z be x(-10). Let g = 37 + z. List the prime factors of g.
3, 19
Let m = -167 - -142. What are the prime factors of 125/m + (2 - -43)?
2, 5
Let m(z) = 4*z - 16. Let f be m(5). List the prime factors of -210*(f + -9 - -4).
2, 3, 5, 7
Suppose -291381 = -87*c + 45849 + 222093. List the prime factors of c.
3, 2143
Let r be (2*-1)/(4/6). Let x(z) be the first derivative of -z**4/4 - 2*z**3/3 - 2*z**2 - 5*z + 114. List the prime factors of x(r).
2
Let f(x) be the second derivative of x**5/20 - 5*x**4/6 + 3*x**3/2 + 5*x**2/2 - 41*x. List the prime factors of f(10).
5, 19
Suppose -3*u - 15 + 39 = 0. Let y be (-7)/(28/u) - 0. List the prime factors of ((-55)/(-11))/(y/(-58)).
5, 29
Suppose 5*t + 64 = 3*p - 2*p, 4*p + 5*t - 256 = 0. Suppose 6*r = -146 - 10. Let i = r + p. What are the prime factors of i?
2, 19
Let h(t) = 26*t + 17 + 5*t**2 - 10*t - 2*t**2. Let l be (-1)/((-5)/(-10)) + (-10 - (2 + -4)). List the prime factors of h(l).
157
Let k be 24/14 + (-6)/(-21). Let x be (k/4)/((-1)/(-2)) + 234. Let a = -124 + x. List the prime factors of a.
3, 37
Suppose -10 = 4*v + 2. Let l(g) = -556*g - 62. List the prime factors of l(v).
2, 11, 73
List the prime factors of (-1806)/12*-88 - 3/(9/24).
2, 3, 1103
Let y(g) = g. Let u(n) = -47*n - 3. Let s(o) = u(o) - y(o). Suppose w = 5*w + 4. What are the prime factors of s(w)?
3, 5
Suppose d + 10 = 3*d. List the prime factors of d + 2 - 2 - 6336/(-12).
13, 41
Let h = -241 + 299. Suppose -x - 284 = -5*x. Let z = x + h. List the prime factors of z.
3, 43
Let v(z) = 2*z**2 + 43*z - 14. Let p be v(-33). Let c = -503 + p. List the prime factors of c.
2, 11
Suppose -28 = -4*t - 4*x + 5*x, 0 = -5*t + 5*x + 20. Let z be 2 + (0 - 0/(-1)). Suppose -42 = z*i - t*i. What are the prime factors of i?
7
Suppose -6901*b + 314526 = -6870*b. What are the prime factors of b?
2, 3, 19, 89
Suppose -229*f + 539560 = -159*f. What are the prime factors of f?
2, 41, 47
Let n(f) = 100*f + 3928. List the prime factors of n(38).
2, 3, 7, 23
Let k = 75 + -19. Suppose 0 = g - k + 52. Suppose 80 + 188 = g*h. What are the prime factors of h?
67
What are the prime factors of (12552/60 - 16)/((-2)/(-105))?
3, 7, 23
Let z(y) = -231*y**2 - 6*y + 14. Let i(b) = 347*b**2 + 9*b - 21. Let x(w) = 5*i(w) + 7*z(w). List the prime factors of x(-2).
3, 17
Suppose 4*a - 3*b = 110035, -3*b - 29 = -26. List the prime factors of a.
2, 13, 23
Let w(o) = 255*o + 327. Let s be w(-10). Let g = -1053 - s. List the prime factors of g.
2, 3, 5, 13
Suppose -3*q - 4 = q, 2*z = -2*q - 2. Let y be 1 - z - 38/19. Let l(r) = -17*r**3 - r**2 - 4*r - 4. What are the prime factors of l(y)?
2
Suppose 5*t - y - 22985 = 0, -3*y + 18388 = 4*t - 7*y. What are the prime factors of t?
4597
Let g = 23047 + -23035. Let w = -8 - -15. Suppose -w*m = -g*m + 185. List the prime factors of m.
37
Let s(i) = -5 + 25*i - 4*i**2 - 6*i**2 - i**2 - i**3. Let a be s(-13). Let h = a + 119. List the prime factors of h.
127
Let f = 23860 - -11926. List the prime factors of f.
2, 29, 617
Let i = -12278 + 46773. What are the prime factors of i?
5, 6899
List the prime factors of (-368)/1104 + 54223/3.
2, 7, 1291
Let l(m) = 3*m**2 + 19*m + 16. Let z be l(-17). Let r = 915 - z. List the prime factors of r.
5, 71
Suppose 0 = 2*y - 3*i - 12 - 10, -4*i = 3*y + 1. Let d(g) = -59*g + 537. Let w be d(9). Suppose 23 = w*v - y*v. What are the prime factors of v?
23
Let s(j) = 2*j**3 - 20*j**2 + 20. Let y be s(10). Suppose -48*t + 4284 = -y*t. List the prime factors of t.
3, 17
Suppose -88*g + 274 = -86*g. Let l = g + -129. List the prime factors of l.
2
Let q(j) = -j**3 - 10*j**2 + 7*j + 7. Suppose c - 188 = -3*c + 4*w, 235 = 5*c - 4*w. Suppose c = -3*o + 14. What are the prime factors of q(o)?
3, 17
Let n(c) = 62*c**2 - 186*c - 2328. What are the prime factors of n(-12)?
2, 3, 23
Suppose -4*t = -a - 45873, 0 = -50*t + 45*t - a + 57330. List the prime factors of t.
11467
Let o = 6161 + 715. List the prime factors of o.
2, 3, 191
Let r(j) = -4*j**2 - 9*j - 1. Let y(h) = 9*h**2 + 19*h + 1. Let c(o) = 7*r(o) + 3*y(o). Let l be c(-2). Suppose 98 = l*b + 2. List the prime factors of b.
2, 3
Let r be -1 + (-4)/(-7) - 279/(-63). Suppose g + g + 5*z - 56 = 0, r*z = 3*g - 107. Suppose n - g = 5*x - 0, -3*x = -15. List the prime factors of n.
2, 29
Let y(o) = -o**3 - 13*o**2 - 21*o + 16. Let n be y(-11). Suppose -b - 2*w + 0*w = -18, n*b = -4*w + 60. Suppose -567 = k - b*k. List the prime factors of k.
3
Suppose -9*g = 39*g - 